 factor of 826?
False
Is 30 a factor of 15837?
False
Is 48 a factor of 4918?
False
Is 11 a factor of 3758?
False
Is 30 a factor of 1307?
False
Is 41 a factor of 6033?
False
Is 771 a multiple of 6?
False
Does 13 divide 11908?
True
Is 14 a factor of 3090?
False
Is 502 a multiple of 96?
False
Is 65673 a multiple of 9?
True
Does 25 divide 30775?
True
Does 11 divide 11514?
False
Does 10 divide 250?
True
Does 12 divide 1176?
True
Is 214 a factor of 24396?
True
Does 85 divide 27120?
False
Does 42 divide 74?
False
Is 29 a factor of 1476?
False
Does 54 divide 10154?
False
Is 9744 a multiple of 12?
True
Does 38 divide 585?
False
Is 13 a factor of 975?
True
Does 39 divide 2049?
False
Does 41 divide 2677?
False
Does 141 divide 49914?
True
Is 21 a factor of 11737?
False
Is 67 a factor of 1407?
True
Does 42 divide 378?
True
Does 8 divide 377?
False
Is 72 a factor of 10944?
True
Is 36 a factor of 4248?
True
Does 3 divide 532?
False
Is 552 a multiple of 23?
True
Does 68 divide 5264?
False
Is 37 a multiple of 4?
False
Is 23 a factor of 247?
False
Does 3 divide 48?
True
Does 15 divide 9825?
True
Is 13 a factor of 17711?
False
Is 106 a factor of 756?
False
Is 16 a factor of 245?
False
Is 126 a multiple of 9?
True
Is 16 a factor of 283?
False
Does 9 divide 2754?
True
Is 1456 a multiple of 104?
True
Is 6 a factor of 3330?
True
Is 75 a factor of 39150?
True
Is 6 a factor of 111?
False
Is 38495 a multiple of 31?
False
Does 78 divide 1014?
True
Does 51 divide 1126?
False
Is 786 a multiple of 21?
False
Does 9 divide 1027?
False
Is 15372 a multiple of 36?
True
Is 765 a multiple of 45?
True
Does 17 divide 255?
True
Does 30 divide 2460?
True
Is 200 a multiple of 4?
True
Is 887 a multiple of 24?
False
Is 784 a multiple of 49?
True
Is 2085 a multiple of 15?
True
Is 3099 a multiple of 3?
True
Is 30 a factor of 11310?
True
Is 35 a factor of 2225?
False
Is 1281 a multiple of 3?
True
Is 75 a factor of 3375?
True
Is 260 a multiple of 52?
True
Is 1596 a multiple of 7?
True
Is 5032 a multiple of 34?
True
Is 20246 a multiple of 14?
False
Is 17 a factor of 13277?
True
Is 983 a multiple of 24?
False
Does 11 divide 9125?
False
Is 3 a factor of 249?
True
Does 24 divide 17544?
True
Is 78 a factor of 21667?
False
Does 17 divide 969?
True
Is 7 a factor of 708?
False
Is 8750 a multiple of 9?
False
Does 42 divide 51874?
False
Is 2628 a multiple of 36?
True
Does 9 divide 274?
False
Does 61 divide 854?
True
Is 14 a factor of 4900?
True
Is 27 a factor of 2051?
False
Is 86 a multiple of 43?
True
Is 15664 a multiple of 89?
True
Is 3 a factor of 59?
False
Is 693 a multiple of 77?
True
Is 21522 a multiple of 34?
True
Does 47 divide 611?
True
Is 172 a factor of 5006?
False
Is 1769 a multiple of 44?
False
Is 24352 a multiple of 16?
True
Is 541 a multiple of 13?
False
Is 31 a factor of 4030?
True
Is 2 a factor of 247?
False
Is 14 a factor of 1736?
True
Is 12 a factor of 5880?
True
Is 150 a multiple of 50?
True
Is 44 a factor of 134?
False
Is 7 a factor of 8743?
True
Does 31 divide 24547?
False
Is 1457 a multiple of 105?
False
Does 7 divide 191?
False
Does 20 divide 466?
False
Is 2008 a multiple of 35?
False
Does 56 divide 3327?
False
Does 78 divide 27687?
False
Is 15 a factor of 3555?
True
Is 17711 a multiple of 238?
False
Does 59 divide 3306?
False
Does 7 divide 2786?
True
Is 104774 a multiple of 17?
False
Is 11880 a multiple of 60?
True
Is 87 a multiple of 87?
True
Is 103 a factor of 812?
False
Does 48 divide 1392?
True
Does 10 divide 78?
False
Does 24 divide 552?
True
Is 1575 a multiple of 9?
True
Is 6601 a multiple of 7?
True
Does 3 divide 250?
False
Is 8 a factor of 1689?
False
Does 6 divide 3042?
True
Does 15 divide 1500?
True
Does 44 divide 229?
False
Is 6665 a multiple of 43?
True
Is 14973 a multiple of 5?
False
Does 170 divide 3776?
False
Is 86 a multiple of 43?
True
Is 313 a multiple of 49?
False
Is 16 a factor of 2736?
True
Is 1379 a multiple of 7?
True
Is 8 a factor of 6968?
True
Does 4 divide 20?
True
Is 48 a factor of 2277?
False
Is 71 a factor of 2556?
True
Is 4 a factor of 291?
False
Is 1224 a multiple of 21?
False
Is 45 a factor of 1251?
False
Is 9 a factor of 2784?
False
Is 2244 a multiple of 102?
True
Does 71 divide 35052?
False
Is 30 a factor of 450?
True
Does 18 divide 17855?
False
Is 35 a factor of 194?
False
Is 6574 a multiple of 125?
False
Is 10 a factor of 22353?
False
Does 4 divide 3132?
True
Is 3751 a multiple of 121?
True
Is 25 a factor of 33101?
False
Is 22 a factor of 3788?
False
Does 4 divide 18?
False
Is 13 a factor of 46?
False
Is 45 a factor of 585?
True
Is 45 a multiple of 33?
False
Is 8830 a multiple of 8?
False
Is 30345 a multiple of 17?
True
Is 170 a multiple of 17?
True
Is 24 a factor of 116712?
True
Is 75 a multiple of 15?
True
Is 58 a factor of 2030?
True
Does 14 divide 15087?
False
Is 286 a multiple of 45?
False
Does 32 divide 1728?
True
Is 8325 a multiple of 9?
True
Does 27 divide 42991?
False
Does 113 divide 14464?
True
Is 15 a factor of 1956?
False
Does 32 divide 224?
True
Is 12747 a multiple of 7?
True
Does 37 divide 39602?
False
Is 2804 a multiple of 34?
False
Is 256 even?
True
Is 106 a factor of 14416?
True
Is 610 a multiple of 10?
True
Is 176 a multiple of 7?
False
Does 16 divide 1904?
True
Is 5865 a multiple of 90?
False
Is 5292 a multiple of 28?
True
Is 720 a multiple of 7?
False
Is 429 a multiple of 11?
True
Does 3 divide 248?
False
Is 126 a factor of 51534?
True
Does 29 divide 2187?
False
Does 35 divide 5226?
False
Does 15 divide 24420?
True
Does 10 divide 8090?
True
Is 1615 a multiple of 56?
False
Is 30 a factor of 5875?
False
Does 21 divide 6160?
False
Does 139 divide 22657?
True
Is 3876 a multiple of 68?
True
Does 23 divide 460?
True
Is 902 a multiple of 15?
False
Is 66 a multiple of 43?
False
Does 39 divide 3830?
False
Is 171 a multiple of 16?
False
Does 103 divide 1133?
True
Is 72336 a multiple of 22?
True
Does 7 divide 469?
True
Is 17888 a multiple of 32?
True
Is 124 a factor of 10371?
False
Is 9 a factor of 1376?
False
Is 6395 even?
False
Is 20 a factor of 13513?
False
Is 13 a factor of 56459?
True
Is 15 a factor of 1237?
False
Does 5 divide 15005?
True
Is 43 a multiple of 2?
False
Is 15255 a multiple of 9?
True
Does 7 divide 958?
False
Is 882 a multiple of 6?
True
Does 18 divide 324?
True
Is 246 a multiple of 2?
True
Is 291 even?
False
Is 14976 a multiple of 16?
True
Is 12928 a multiple of 16?
True
Is 51508 a multiple of 63?
False
Is 169 a factor of 52911?
False
Is 81181 a multiple of 9?
False
Is 14 a factor of 14776?
False
Is 812 a multiple of 29?
True
Is 450 a multiple of 6?
True
Is 2 a factor of 506?
True
Does 89 divide 46191?
True
Is 53 a factor of 10834?
False
Does 38 divide 454?
False
Is 8 a factor of 18888?
True
Is 1890 a multiple of 90?
True
Is 6 a factor of 7180?
False
Does 8 divide 251?
False
Is 46 a factor of 604?
False
Is 626 a multiple of 7?
False
Is 6 a factor of 4038?
True
Is 35 a factor of 2765?
True
Is 12 a factor of 6732?
True
Does 39 divide 11778?
True
Is 448 a multiple of 8?
True
Is 7 a factor of 57?
False
Is 5 a factor of 15545?
True
Does 143 divide 79008?
False
Is 3172 a multiple of 26?
True
Does 31 divide 315?
False
Is 28 a factor of 9832?
False
Does 11 divide 275?
True
Is 8788 a multiple of 169?
True
Does 80 divide 7517?
False
Does 117 divide 9126?
True
Is 5 a factor of 105?
True
Is 46 a factor of 27746?
False
Does 32 divide 564?
False
Does 27 divide 702?
True
Is 1463 a multiple of 77?
True
Is 13988 a multiple of 13?
True
Does 77 divide 48345?
False
Is 13 a factor of 906?
False
Is 15572 a multiple of 79?
False
Does 32 divide 2272?
True
Does 371 divide 62328?
True
Is 23913 a multiple of 20?
False
Does 13 divide 27892?
False
Does 16 divide 4373?
False
Is 73305 a multiple of 11?
False
Does 12 divide 2110?
False
Does 25 divide 25100?
True
Is 2600 a multiple of 10?
True
Does 187 divide 7667?
True
Is 72546 a multiple of 113?
True
Is 11 a factor of 138803?
False
Does 17 divide 4505?
True
Is 33 a factor of 3644?
False
Does 112 divide 1529?
False
Is 230 a multiple of 2?
True
Is 9 a factor of 9705?
False
Is 32 a factor of 33823?
False
Is 8 a factor of 3432?
True
Does 6 divide 2522?
False
Is 899 a multiple of 42?
False
Is 3555 a multiple of 15?
True
Does 47 divide 1169?
False
Does 57 divide 969?
True
Is 8 a factor of 5440